{"id":6182,"date":"2021-10-25T11:45:06","date_gmt":"2021-10-25T09:45:06","guid":{"rendered":"https:\/\/opter.com\/?page_id=6182"},"modified":"2023-01-11T11:59:46","modified_gmt":"2023-01-11T10:59:46","slug":"orjan-orra-as","status":"publish","type":"page","link":"https:\/\/opter.com\/no\/orjan-orra-as\/","title":{"rendered":"\u00d8rjan Orra AS"},"content":{"rendered":"<div class=\"ImageHeadline\">\n      <div class=\"ImageHeadline-image\" style=\"background-image: url('https:\/\/opter.com\/wp-content\/uploads\/2022\/11\/orjanorra2-1600-1024x576.png')\">\n      <img loading=\"lazy\" decoding=\"async\" width=\"1024\" height=\"576\" src=\"https:\/\/opter.com\/wp-content\/uploads\/2022\/11\/orjanorra2-1600-1024x576.png\" class=\"ImageHeadline-img\" alt=\"\" srcset=\"https:\/\/opter.com\/wp-content\/uploads\/2022\/11\/orjanorra2-1600-1024x576.png 1024w, https:\/\/opter.com\/wp-content\/uploads\/2022\/11\/orjanorra2-1600-300x169.png 300w, https:\/\/opter.com\/wp-content\/uploads\/2022\/11\/orjanorra2-1600-768x432.png 768w, https:\/\/opter.com\/wp-content\/uploads\/2022\/11\/orjanorra2-1600-1536x864.png 1536w, https:\/\/opter.com\/wp-content\/uploads\/2022\/11\/orjanorra2-1600-1440x810.png 1440w, https:\/\/opter.com\/wp-content\/uploads\/2022\/11\/orjanorra2-1600.png 1600w\" sizes=\"auto, (max-width: 1024px) 100vw, 1024px\" \/>\n    <\/div>\n    <h2 class=\"ImageHeadline-headline\">\u00abHverdagen er blitt mye enklere for oss.\u00bb<\/h2>\n<\/div>\n\n\n\n\n<p><a style=\"user-select: auto;\" href=\"http:\/\/www.kranbilbergen.no\/\">\u00d8rjan Orra AS<\/a> har pr. i dag 16 kj\u00f8ret\u00f8yer fordelt p\u00e5 semitrailere, sidelaster, trekkere og kranbiler. Selskapet startet med \u00e5 ta i bruk Opter i 2020. Kranbilene utf\u00f8rer i hovedsak oppdrag i Bergens-omr\u00e5det, mens \u00f8vrig transport skjer stort sett i hele Norge.<\/p>\n\n\n\n<p>\u00abV\u00e5re m\u00e5lsettinger var \u00e5 bli mer effektive, f\u00e5 bedre oversikt samt \u00e5 frigj\u00f8re tid som kunne benyttes til andre oppgaver.\u00bb sier daglig leder \u00d8rjan Orra. \u00abOpter har hjulpet oss til \u00e5 redusere manuelle rutiner og i noen tilfeller fjerne disse helt. Dette har gitt oss bedre oversikt og mere tid som igjen gj\u00f8r at vi er i stand til \u00e5 gi v\u00e5re kunder bedre service og oppf\u00f8lging\u00bb. <\/p>\n\n\n\n<p>\u00d8rjan Orra AS har v\u00e6rt i kontinuerlig vekst siden oppstarten i 1998 og satser for fullt p\u00e5 videre vekst og utvikling ogs\u00e5 i fremtiden. Daglig Leder \u00d8rjan Orra styrer selv transporten. Da Opter ble bestilt ble skjermbilder, apper og utskrifter satt opp slik at dette skulle bli mest mulig effektivt for \u00e5 f\u00e5 en maksimal utnyttelse av systemet. Timeregistrering skjer blant annet i bilene og vil v\u00e6re grunnlag for fakturering. Ordrer utveksles mellom selskapet og selskapets samarbeidspartnere via Opter Link eller EDI.<\/p>\n\n\n\n<p>\u00abHverdagen er blitt mye enklere for oss blant annet fordi kommunikasjonen med bilene, spesielt for de bilene som er i langtransport, er mye bedre og enklere\u00bb, sier \u00d8rjan Orra.<\/p>\n\n\n\n<h3 class=\"wp-block-heading\">Bestill en demonstrasjon!<\/h3>\n\n\n\n<p>Vil du vite mer? Vi viser deg gjerne hvordan Opter kan effektivisere virksomheten din.<\/p>\n\n\n<div class=\"BookADemo\">\n    <a class=\"BookADemo-link\" href=\"\/no\/kontakt-oss\/bestill-demonstrasjon\/\">\n      Kontakt oss\n    <\/a>\n  <\/div>\n\n","protected":false},"excerpt":{"rendered":"<p>\u00d8rjan Orra AS har pr. i dag 16 kj\u00f8ret\u00f8yer&hellip;<\/p>\n","protected":false},"author":18,"featured_media":6127,"parent":0,"menu_order":0,"comment_status":"closed","ping_status":"closed","template":"","meta":{"_acf_changed":false,"footnotes":""},"class_list":["post-6182","page","type-page","status-publish","has-post-thumbnail","hentry"],"acf":[],"_links":{"self":[{"href":"https:\/\/opter.com\/no\/wp-json\/wp\/v2\/pages\/6182","targetHints":{"allow":["GET"]}}],"collection":[{"href":"https:\/\/opter.com\/no\/wp-json\/wp\/v2\/pages"}],"about":[{"href":"https:\/\/opter.com\/no\/wp-json\/wp\/v2\/types\/page"}],"author":[{"embeddable":true,"href":"https:\/\/opter.com\/no\/wp-json\/wp\/v2\/users\/18"}],"replies":[{"embeddable":true,"href":"https:\/\/opter.com\/no\/wp-json\/wp\/v2\/comments?post=6182"}],"version-history":[{"count":7,"href":"https:\/\/opter.com\/no\/wp-json\/wp\/v2\/pages\/6182\/revisions"}],"predecessor-version":[{"id":8440,"href":"https:\/\/opter.com\/no\/wp-json\/wp\/v2\/pages\/6182\/revisions\/8440"}],"wp:featuredmedia":[{"embeddable":true,"href":"https:\/\/opter.com\/no\/wp-json\/wp\/v2\/media\/6127"}],"wp:attachment":[{"href":"https:\/\/opter.com\/no\/wp-json\/wp\/v2\/media?parent=6182"}],"curies":[{"name":"wp","href":"https:\/\/api.w.org\/{rel}","templated":true}]}}

Ørjan Orra AS

<div class="ImageHeadline">
      <div class="ImageHeadline-image" style="background-image: url('https://opter.com/wp-content/uploads/2022/11/orjanorra2-1600-1024x576.png')">
      <img loading="lazy" decoding="async" width="1024" height="576" src="https://opter.com/wp-content/uploads/2022/11/orjanorra2-1600-1024x576.png" class="ImageHeadline-img" alt="" srcset="https://opter.com/wp-content/uploads/2022/11/orjanorra2-1600-1024x576.png 1024w, https://opter.com/wp-content/uploads/2022/11/orjanorra2-1600-300x169.png 300w, https://opter.com/wp-content/uploads/2022/11/orjanorra2-1600-768x432.png 768w, https://opter.com/wp-content/uploads/2022/11/orjanorra2-1600-1536x864.png 1536w, https://opter.com/wp-content/uploads/2022/11/orjanorra2-1600-1440x810.png 1440w, https://opter.com/wp-content/uploads/2022/11/orjanorra2-1600.png 1600w" sizes="auto, (max-width: 1024px) 100vw, 1024px" />
    </div>
    <h2 class="ImageHeadline-headline">«Hverdagen er blitt mye enklere for oss.»</h2>
</div>




<p><a style="user-select: auto;" href="http://www.kranbilbergen.no/">Ørjan Orra AS</a> har pr. i dag 16 kjøretøyer fordelt på semitrailere, sidelaster, trekkere og kranbiler. Selskapet startet med å ta i bruk Opter i 2020. Kranbilene utfører i hovedsak oppdrag i Bergens-området, mens øvrig transport skjer stort sett i hele Norge.</p>



<p>«Våre målsettinger var å bli mer effektive, få bedre oversikt samt å frigjøre tid som kunne benyttes til andre oppgaver.» sier daglig leder Ørjan Orra. «Opter har hjulpet oss til å redusere manuelle rutiner og i noen tilfeller fjerne disse helt. Dette har gitt oss bedre oversikt og mere tid som igjen gjør at vi er i stand til å gi våre kunder bedre service og oppfølging». </p>



<p>Ørjan Orra AS har vært i kontinuerlig vekst siden oppstarten i 1998 og satser for fullt på videre vekst og utvikling også i fremtiden. Daglig Leder Ørjan Orra styrer selv transporten. Da Opter ble bestilt ble skjermbilder, apper og utskrifter satt opp slik at dette skulle bli mest mulig effektivt for å få en maksimal utnyttelse av systemet. Timeregistrering skjer blant annet i bilene og vil være grunnlag for fakturering. Ordrer utveksles mellom selskapet og selskapets samarbeidspartnere via Opter Link eller EDI.</p>



<p>«Hverdagen er blitt mye enklere for oss blant annet fordi kommunikasjonen med bilene, spesielt for de bilene som er i langtransport, er mye bedre og enklere», sier Ørjan Orra.</p>



<h3 class="wp-block-heading">Bestill en demonstrasjon!</h3>



<p>Vil du vite mer? Vi viser deg gjerne hvordan Opter kan effektivisere virksomheten din.</p>


<div class="BookADemo">
    <a class="BookADemo-link" href="/no/kontakt-oss/bestill-demonstrasjon/">
      Kontakt oss
    </a>
  </div>

<p>Ørjan Orra AS har pr. i dag 16 kjøretøyer&hellip;</p>
